d derivative of -x + 0 - 1/12*x**4 + 1/20*x**5 + 1/6*x**3 + 5/2*x**2. Suppose 0 = -3*g + 4*u - 4, 4 = 5*g + 4*u - 0. Calculate y(g).
5
Let k(d) = -21*d - d**2 + 22 - 29*d - 28*d - 31*d + 99*d. Give k(-12).
-2
Suppose 85*f = 75*f. Let n(t) = -2*t**3 + t**2 + t - 31. Give n(f).
-31
Let z(l) = l**3 - 21*l**2 - 23*l + 19. Suppose 222 = 35*u - 548. Determine z(u).
-3
Suppose -r = 3 - 6. Let d(x) = 2*x**2 + x - 11. Let i(p) = p**2 - 5. Let b be 1/(((-10)/(-8))/(-5)). Let c(n) = b*d(n) + 9*i(n). Give c(r).
-4
Let u(z) = -6*z + 1. Let l(w) = -7*w. Let t(q) = -5*l(q) + 6*u(q). Let a be t(6). Suppose a = -5*f + p - 2, -f = 2*f + 5*p - 10. Let h(b) = b + 3. What is h(f)?
3
Suppose 10 = 4*a - 2. Suppose -4*l + 1 = -a. Let s(o) = 2 + o + 7 - l - 1. What is s(0)?
7
Let b(n) be the third derivative of n**6/120 + n**5/10 - n**4/24 + n**3/6 + 2*n**2 - 12*n. What is b(-6)?
7
Let u(o) = -21*o - 23*o + 46*o + 2 - o**2. Give u(3).
-1
Let r(q) be the second derivative of 2*q**3/3 - 23*q**2/2 + 2*q + 82. What is r(7)?
5
Let l(m) be the third derivative of -m**5/60 - 11*m**4/24 + m**3/6 + 10*m**2 + 2*m. Give l(-11).
1
Let r(w) = 2*w + 9 - 2*w + 2*w. Let l(s) = -s**3 + s**2 - 9*s + 19. Let p(n) = n**2 + n. Let o(c) = l(c) + 4*p(c). Let x be o(5). Give r(x).
-3
Let c(s) be the third derivative of -s**8/1260 + s**7/5040 + 13*s**5/60 - 7*s**2. Let k(f) be the third derivative of c(f). Calculate k(1).
-15
Let t(u) = -164*u - 7 + 160*u + 10 + u**3 + 4*u**2. Let y = 8 + -13. Determine t(y).
-2
Let v(b) = -8*b**2 + 3*b + 10. Let y(p) = -21*p**2 + 7*p + 29. Let z(k) = -8*v(k) + 3*y(k). What is z(2)?
5
Let i = -8 - -17. Let r be -4 + 3 + (3 - i). Let q(f) = -f**2 - 5*f + 7. Give q(r).
-7
Let j(u) = -1 + 6*u**2 - 10*u**2 + 10*u**2 - 5*u**2 + u**3. Calculate j(-3).
-19
Let f(a) = -a**2 - 9*a - 11. Let z(t) = -t**2 - 14*t - 22. Let r = 24 + -37. Let l be z(r). What is f(l)?
-11
Let t(w) be the first derivative of 1/3*w**3 + 5/2*w**2 + 0*w - 4. Suppose 3*q - v + 11 = 0, 2*q + 7 - 4 = 5*v. What is t(q)?
-4
Let f(i) be the third derivative of -i**6/720 + i**5/20 - 9*i**4/8 - 19*i**2. Let d(p) be the second derivative of f(p). Give d(6).
0
Let t(j) = j**2 + 5*j + 1. Let r be t(-4). Let o(u) be the third derivative of -u**4/6 + u**3/2 + u**2 - 45*u. What is o(r)?
15
Suppose -2*y + 14 - 4 = -4*u, 2*y + 8 = -5*u. Let d(r) = -4*r**3 - 2*r + 1. Determine d(y).
-5
Let l(h) = -6*h - 3. Let o(w) = w + 1. Let f(r) = 2*r + 1. Let m(j) = 2*f(j) - 3*o(j). Let i(a) = -l(a) - 2*m(a). Determine i(-4).
-11
Let z(l) be the second derivative of -l**4/12 + l**3/6 + l**2/2 + 10*l. Let v be z(2). Let j(h) = 5*h**2 - h. Calculate j(v).
6
Let p(j) = j + 2. Let z(g) = -g**2 - g - 1. Let w(a) = 4*a**2 + 3*a + 10. Let c(s) = w(s) + 5*z(s). Let f be c(-4). Calculate p(f).
-1
Let s(i) = -2*i + 1. Let m(o) = 3*o + 71. Let k(j) = m(j) - 3*s(j). Calculate k(-8).
-4
Suppose -15 = 3*l, -5*l + 26 - 76 = 5*p. Let t(a) = a**2 + 7*a + 6. Give t(p).
-4
Let d = 47 - 44. Let h(f) = f - 3. Let w(c) = 2*c - 2. Let s(t) = -t + 1. Let v(y) = -3*s(y) - w(y). Let p(x) = d*v(x) - h(x). Give p(-5).
-10
Let z(q) = -q - 6. Let c be z(-3). Let a(t) = -t + 11. Let g(r) = 3*r - 33. Let p(b) = c*g(b) - 8*a(b). Determine p(9).
2
Let r(v) = -28*v + 4*v + 6*v + 10*v + 9*v - 7. What is r(-6)?
-13
Suppose 3*y + 3*j + 6 = 3, 3*j = 5*y - 27. Let k(v) = -26*v**2 + 57*v**2 - 32*v**2 + 4*v - y. Determine k(2).
1
Let t(x) = 0*x - 1 + x**2 - 2*x**2 - 5*x. Let u be 90/(-21) + -2 - (-72)/252. Give t(u).
-7
Let v(o) = 6*o - 3*o - 4*o - 2*o - 12. Calculate v(-5).
3
Let x(w) = w**2 + 4*w. Let k be 15/2*(-12)/(-18). Suppose 6*h - h = k*m - 5, -2*h = m + 5. Let z be 9/h - 3/6. Determine x(z).
5
Suppose 4*h + 10 - 34 = 0. Let d(k) be the first derivative of k**3/6 + 24*k + 19. Let g(f) be the first derivative of d(f). Determine g(h).
6
Let l(x) = 601*x + 8. Let k be l(0). Let u(v) = 6*v**3 - 2*v**2 - 3*v - 4. Let a(w) = 7*w**3 - w**2 - 2*w - 5. Let z(d) = 5*a(d) - 6*u(d). What is z(k)?
-1
Let p(m) be the first derivative of -m**6/120 - m**5/40 - m**4/8 - 2*m**3/3 + 2. Let w(v) be the third derivative of p(v). Let l = 9 - 11. Give w(l).
-9
Let v(p) be the first derivative of 2*p**3/3 - 7*p**2/2 - 1. Suppose -7*s + 37 = 2. Let m(l) = 2*l**2 - 8*l. Let g(f) = s*v(f) - 4*m(f). Give g(2).
2
Let d(o) = -o**3 + o**2 - 1. Let x be -1 - 30/(-26) - (-259)/91. Let b(c) = c**3 + 2*c**2 - 2*c. Let r be b(-3). Let k = r + x. Determine d(k).
-1
Let h(x) = -x - 1. Let i(l) = -l**2 - 5*l - 4. Let u(r) = -4*h(r) + i(r). Suppose v + 25 = 35. Let z be 0/(-3)*(-5)/v. Determine u(z).
0
Let a(s) = 5*s - 24. Let r be 24/14*(-7)/(-2). Let i be a(r). Let m(d) = -21*d + 16*d + i*d**2 - d**3 + 3 - d**2. Calculate m(4).
-1
Let l(v) = -v + 1. Let w be ((32/(-12))/4)/((-1)/87). Let f = w - 62. Give l(f).
5
Let f = 146 - 89. Let z be 1 + (-3)/(-12) + f/12. Let h(l) = l**2 - l - 8. Determine h(z).
22
Suppose 0 = -4*l + 5*l - 8. Suppose -3*y + l - 2 = 0. Let u(j) = 0 - y + j + 0 - 4. What is u(0)?
-6
Let m(y) be the second derivative of -y**7/2520 + y**6/120 + y**5/30 - 11*y**4/12 + 7*y. Let v(k) be the third derivative of m(k). What is v(6)?
4
Let y(d) be the first derivative of -d**3 - 1/4*d**4 + 5/2*d**2 + 4*d - 6. Calculate y(-4).
0
Let v(s) be the third derivative of -s**5/60 - s**4/8 + 5*s**3/6 + 2*s**2 - 133. Determine v(-5).
-5
Suppose -10 = -5*y - 4*t, -8*t = -3*t. Let m(c) = -4*c + 7. Give m(y).
-1
Let h(l) be the third derivative of -l**6/120 - l**5/10 + l**4/6 + 13*l**3/6 + 28*l**2 + 7. What is h(-6)?
-11
Suppose -8*h - 31 - 25 = 0. Let y(g) = -g**2 - 9*g + 3. Calculate y(h).
17
Suppose 4*c + 16*c = -500. Let u(v) = -v**2 - 25*v + 7. Give u(c).
7
Suppose -415*o - 3 = -414*o + r, 5*r - 35 = 5*o. Let p(q) = q**3 + 3*q**2 - 10*q + 5. Calculate p(o).
5
Let x(y) be the second derivative of 5*y**3/6 - 14*y**2 + 60*y + 4. Give x(6).
2
Let q(j) = 3*j - 4*j - 2074 + 2081. Give q(-7).
14
Let l(r) = -8 + 146*r - 7*r**2 - 71*r + 2*r**3 - 84*r - 3*r**3. Let u(d) = d**3 - 5*d**2 - 7*d. Let z be u(6). Determine l(z).
10
Suppose 0 = -3*t - 2*t + 10. Let y(j) = -4*j + 6 - 5*j + j**t + 4*j. Calculate y(5).
6
Let f(g) be the first derivative of -g**3/3 - 4*g**2 + 2*g - 59. Suppose -t = 4 + 3. What is f(t)?
9
Let h(t) = 4*t**2 - 1 - 5*t**2 - 3 + 4*t. Suppose 0 = -82*f + 87*f - 20. Calculate h(f).
-4
Let s(u) = 5*u + 2. Let v = -20 - -71. Let k(i) = -37*i - 17. Let q(j) = -38*j - 17. Let n(b) = 3*k(b) - 4*q(b). Let y(a) = v*s(a) - 6*n(a). Calculate y(1).
9
Let l = -507 + 515. Let b(d) = d - 2. Give b(l).
6
Let m(t) be the third derivative of -t**5/60 + t**4/8 + t**3/6 - 69*t**2 + 3*t. Let a(z) = -z**3 - 2*z**2 + z. Let o be a(-3). Give m(o).
-17
Let f(l) be the first derivative of -l**3/3 + 5*l**2/2 + 1. Let j(y) = -26 + y**2 + 11 + 21 + 7*y. Let b be j(-7). Calculate f(b).
-6
Let x(u) = -u**3 + 9*u**2 + 9*u + 12. Suppose 0 = -2*n + 3*v + 14, -12 = -4*n - v + 30. Give x(n).
2
Suppose -3*x - 8 = -n - 7*x, -3*n = -x + 28. Let g = -17 - n. Let m be (-5)/10 - g/2. Let u(c) = -c**2 + 2*c + 3. Give u(m).
-5
Let h(q) = 11*q**3 - 11*q**2 - 15*q + 15. Let r(s) = -6 + 9*s + 5*s**2 - 5*s - 1 + 3*s - 5*s**3. Let g(i) = -6*h(i) - 13*r(i). What is g(0)?
1
Let s be (-58)/(-145) - 22/5. Let p(x) be the third derivative of -x**2 + 1/15*x**5 + 1/120*x**6 + 0 - 1/6*x**3 - 1/24*x**4 + 0*x. Calculate p(s).
3
Let g = -75 + 53. Let f = 19 + g. Let x(h) = 2*h**2 + 4*h. Calculate x(f).
6
Suppose 0*u - 34 = 2*u. Suppose -15*t + 132 + 33 = 0. Let k = u + t. Let z(j) = 2*j + 4. Give z(k).
-8
Let v(s) = s**2 + 6*s - 4. Let p = -6 - -8. Suppose 16 = -4*c, -2*n - 4*c + p = -5*c. Let t be -2 + n - (0 + 1). Calculate v(t).
-12
Suppose 0*z = 2*z + 2. Let o be (-6)/(-1)*z/2. Let s(r) = -5 + 5*r + 7 - 1. Calculate s(o).
-14
Let b(m) = -m**3 - 2*m**2 + 2. Let l = -122 - -173. Suppose l - 151 = 5*i. Let s = i + 22. Determine b(s).
-14
Suppose -p = -6*p + 15. Let a(n) = -n - p + 0*n + 4. Let z be -7*(54/(-21) + 2). What is a(z)?
-3
Let h(x) = -x**2 - x - 1. Let t(i) = -i**2 - 10*i + 5. Let s be 1/2*6/(-18)*-12. Let o(v) = s*h(v) - t(v). Calculate o(6).
5
Let l(n) = -n + 1. Let b(c) = c**3 - 5*c**2 + 2*c - 2. Let a be b(5). Suppose -3*r - 18 = 4*d - a, 2*r - d = -3. Calculate l(r).
3
Suppose -2 = 2*v - 4*z + 2, 2*z = 5*v + 18. Let w